 Suppose -5*i - 3*c + j = 0, -i + 38 = 2*i - c. What is the tens digit of i?
1
Suppose 4*b + 2*m + 12 = 7*m, 0 = -2*b - 2*m + 12. Suppose 2*i - 340 = -3*x, 5*i + b*x = 482 + 368. Suppose 2*r = -3*r + i. What is the units digit of r?
4
What is the tens digit of ((396 - -5) + -3*1)/2?
9
Suppose -3*u + 8 + 14 = -5*w, 3*u = -4*w + 4. Let j = w - -50. Suppose 0 = 4*r - j - 8. What is the units digit of r?
4
Let k be -2 + 3 + -2 - (-22 - -18). Suppose -124 - 281 = -k*m. What is the hundreds digit of m?
1
Suppose -2*h = -y - 1849 + 347, h + 4*y = 769. What is the units digit of h/15 - (-8)/10?
1
Suppose 2*z + 1159 = 5121. What is the hundreds digit of z?
9
Suppose 34*h + 39*h = 21243. What is the tens digit of h?
9
Let g(t) = -13*t + 7. Let j(w) = 3*w. Let h be j(-2). What is the tens digit of g(h)?
8
Let g be 6/2*(-4)/(-4). Suppose g*x - 29 = 3*p - 95, p - 26 = -3*x. Let f = p - 17. What is the units digit of f?
6
Let k(p) = -81*p + 61. Let o be k(-7). Suppose 0 = y - 4, 2*q = -2*q + 4*y + o. What is the tens digit of q?
6
Suppose -5*q = 11 + 9, -2*s - 4*q = 178. Let a = 134 + s. What is the units digit of a?
3
What is the units digit of (-3)/18*-3*1976?
8
Let w(d) = 3*d**2 - 20*d + 41. What is the tens digit of w(8)?
7
Suppose -4*q - 410 = 2*k, k + 0*k - 98 = q. Let r = 216 + q. What is the hundreds digit of r?
1
Let c = 14 + -9. Suppose c*h + 77 = 22. Let d = 36 + h. What is the units digit of d?
5
Suppose 5*w - 5*f = 5 - 40, w + 4*f = 3. Let g = w - -28. What is the units digit of g?
3
Let m(h) = 2*h**2 + 6*h - 11. Let s(z) = z**2 + z + 38. Let k be s(0). Suppose 4*y - 14 = f, -5*f - y - k = -5*y. What is the tens digit of m(f)?
2
Let o = 141 + 1821. What is the thousands digit of o?
1
Let z = 51 + -14. Suppose 5*u = z - 2. Let r = u + 2. What is the units digit of r?
9
Suppose -12185 - 7015 = -24*f. What is the tens digit of f?
0
Let c(v) = 5*v + 2. Let w be c(-7). Let z = -19 - w. What is the units digit of (19 + -16)*z/3?
4
Let i = 69 - -45. Suppose 0 = -5*v + 2*v + i. What is the tens digit of v?
3
Let b = -26 - -26. What is the tens digit of 0 - (0 - b) - (0 - 74)?
7
Let h = 15 - 12. Suppose 0 = -h*l + 6*l - 102. Suppose -3*u - l = -4*u. What is the tens digit of u?
3
Suppose 128 = 5*y - 42. Suppose 3*k - 5*m - y = -5, 0 = 4*k - m - 16. What is the units digit of (k - 3)/2 + 32?
2
Let g(l) = -1. Let y(w) = 2*w - 9. Let v(t) = -2*g(t) + y(t). Let q be v(6). Suppose -5*j + 13 = -2, -5*n = -q*j - 40. What is the tens digit of n?
1
Suppose 3*b = 5*f - 1601, 0 = -2*f - b + 857 - 221. What is the hundreds digit of f?
3
What is the hundreds digit of ((-18)/4 - -6)*(-836)/(-6)?
2
Let b be (2 - 2)/(3 - 4). Suppose b = 5*k - 179 - 91. Suppose -2*c + 4*c = k. What is the units digit of c?
7
Let t = -7 + 19. Suppose 0 = -16*u + t*u + 232. What is the tens digit of u?
5
Suppose 438 = 3*m + 108. What is the units digit of m?
0
Suppose 15*c - 14*c - 3028 = 0. What is the tens digit of c?
2
Suppose -17*i - 37050 = -36*i. What is the hundreds digit of i?
9
Let z(k) = -k**3 + 2*k - 1. Let j be z(0). What is the hundreds digit of (5/((-10)/(-6)))/j + 118?
1
Let s(g) = -3*g**2 + 3*g - 2. Let l be s(1). Let i be (-30)/(-9)*(-15)/l. Let h = -24 + i. What is the units digit of h?
1
Let d = -19 - -7. Let k = 56 + d. What is the tens digit of k?
4
Suppose 2*z + 2*d + d + 6 = 0, 0 = 3*z - d - 2. Suppose -2*y + 5*t - 3*t + 40 = z, -3*t = 3*y - 72. Suppose 4*m = 86 - y. What is the tens digit of m?
1
Let g(v) = v**2 + 11*v - 1. Let y be g(-9). Let u = -9 - y. What is the units digit of u/15 - (-230)/6?
9
Let b(x) = 1 + 10*x + 25*x**2 + 17*x**2 + 7*x**2. What is the units digit of b(2)?
7
Let v = -401 - -530. What is the tens digit of v?
2
Suppose b - 3*k = 22, 2*b + 0 - 26 = -3*k. Suppose -t - 3*t = b. What is the units digit of (-2)/(t - -2) + 16?
7
Let d = -7 - -10. Suppose -d*c - 2 = -56. Let f = -8 + c. What is the tens digit of f?
1
Let j(r) = 3*r**3 + 20*r**2 - 51*r - 15. Let b(p) = 2*p**3 + 13*p**2 - 34*p - 10. Let y(v) = 7*b(v) - 5*j(v). What is the units digit of y(-12)?
3
Let n be (-52)/(-24) - 1/6. Let i(y) = 6 + 6 - n*y + 3*y. What is the units digit of i(-9)?
3
Suppose -579*g + 562*g = -71825. What is the tens digit of g?
2
Let d = -115 + 117. Suppose -d*h + 7 + 119 = 0. What is the tens digit of h?
6
Let o = -2 + 1. Suppose 6*x - 3*r = 3*x + 12, -4*x - 2*r = -10. What is the tens digit of (o - (-13)/1) + x?
1
Suppose -404*j + 1076 = -400*j. What is the units digit of j?
9
Let t(i) = 3*i**2 - 7*i - 2. Suppose 121 - 97 = 4*x. What is the tens digit of t(x)?
6
Let y(m) = 3*m**2 + 8*m - 46. What is the tens digit of y(-15)?
0
Let z(i) = -i**2 + 3*i + 2. Let t be z(4). Let l(u) = -u + 2. Let d be l(t). Suppose 0 = 5*q - 66 - d. What is the units digit of q?
4
Suppose 4*n - 8 = -0*s + 3*s, 2*n = 5*s + 4. Suppose -5*t + 9 + 21 = s. What is the units digit of (-1200)/(-35) - t/21?
4
Suppose 293 = -4*l + 545. What is the units digit of l?
3
Suppose 0 = -o - 0*o. Suppose 31 = -3*p + 2*w, p = -o*w - 3*w + 8. Let q = 39 + p. What is the tens digit of q?
3
Let n(a) = -a**3 - 8*a**2 + 8*a - 7. Let i be n(-9). Suppose c + 385 = 6*c - 5*o, -c + i*o + 75 = 0. What is the units digit of c?
9
Suppose 2*o + 0*o + v + 3 = 0, 0 = o - 4*v - 21. Let j = 15 - o. What is the tens digit of j?
1
Suppose 4*k - 38 = -z, 2*z - 2*k - 30 = 6. Let d = 3 - 4. What is the units digit of (d - 6/3) + z?
9
Let z(g) = 2*g**2 + 27*g + 158. What is the units digit of z(-29)?
7
Suppose -k + 3*d + 2643 = 0, -21*k + 2*d - 7885 = -24*k. What is the units digit of k?
1
Let a(p) = -80*p + 117. What is the hundreds digit of a(-6)?
5
Let s be 4 - 3 - (-3 - -2). Suppose f = s*f + 10. What is the tens digit of (-21)/(1 - (-25)/f)?
1
Suppose 3*a + 21 = 6*a + g, 0 = -a + 5*g - 9. Suppose -t - 75 = -a*t. What is the tens digit of t?
1
Let q be (-12)/48 + 1754/8. What is the units digit of -2*(q/(-6) + -2 + 3)?
1
Suppose -1132 = 6*l - 10*l. Let h = -97 + l. What is the hundreds digit of h?
1
Let w = 71 - 22. What is the tens digit of w?
4
Let v = -2716 - -3802. What is the thousands digit of v?
1
Suppose -2*j + 18 = -5*v, 2*j + 36 = 6*j - 5*v. Let f(r) = r**3 - 8 - 9*r**2 + 4 + 5 + 2*r + 5. What is the tens digit of f(j)?
2
Let l(g) = -g**3 + 9*g**2 - 7*g - 4. Let r be l(8). Suppose 0*v + 2*v - 109 = -u, r*v - 5*u = 253. What is the tens digit of v?
5
Let q(z) = z**3 + 28*z**2 - 110*z + 34. What is the thousands digit of q(-24)?
4
Suppose -5*v + 5*j = -v - 11, 3 = v - j. Suppose 3*n = 9, v = -4*u + 2*n + 26. Let o = u + 18. What is the tens digit of o?
2
Let q(h) be the third derivative of h**5/12 - h**4/24 + 8*h**3/3 - 31*h**2. What is the tens digit of q(-6)?
0
Let v(k) = -k**3 - 25*k**2 - 45*k + 162. What is the thousands digit of v(-26)?
2
Let g(k) = k**3 + 10*k**2 + 8*k - 5. Suppose -4*r - 50 = -14. Let s be g(r). Let h(n) = 2*n + 2. What is the tens digit of h(s)?
1
Let b = -1004 + 1188. What is the tens digit of b?
8
Let y be (88/(-6))/((-5)/(-15)). Let j = y - -59. What is the units digit of j?
5
Suppose 4*j - 47 - 126 = -5*d, d = 3*j + 27. Suppose -2*f + 5*f = d. What is the units digit of (-2 + f)/(-3)*-5?
5
Let q(f) = -f**3 + 10*f**2 + 15*f + 3. Let t be 33/((-2)/2)*(-14)/42. What is the tens digit of q(t)?
4
Let o(k) = 7*k**2 + 2*k + 4. What is the units digit of o(-9)?
3
Let r(v) = v**2 + 6*v + 22. Let j be r(-9). What is the units digit of (-1 + 4/(-4) + 3)*j?
9
Let s(b) = -4*b + 18. Suppose 24 = 3*w + 4*u, -u = -5*w + u + 14. Let h be 1*(-8)/w*4. What is the units digit of s(h)?
0
Let b = -6 + 4. What is the units digit of (-41 - b - 2)/(-1)?
1
Let y be (0/6)/(-1 - -4). Let v(t) = -2*t + 130. What is the hundreds digit of v(y)?
1
Let u(z) = 11*z**2 + 21*z + 1. Let p(k) = 7*k**2 + 14*k + 1. Let t(l) = 8*p(l) - 5*u(l). Let m be t(-7). Suppose 5*i - 70 = m*i. What is the units digit of i?
5
Let q be 15/(-2)*(-144)/(-20). Let p = -25 - q. What is the units digit of p?
9
Suppose 0 = 3*s + x - 2*x - 30, -s - 5*x = -10. Suppose l - s*l = -441. What is the units digit of l?
9
Let t be 8349/9 + 2/(-3). Suppose 0 = 2*z + 10, -4*h + 0*h - z + t = 0. What is the units digit of h?
3
Let r(o) = -o**2 - 53*o + 488. What is the hundreds digit of r(-55)?
3
Let w(o) = 4*o + 8 + 0*o - 2*o - o**2 + 3*o**2. Let